{"id":1640,"date":"2020-09-22T19:09:16","date_gmt":"2020-09-22T22:09:16","guid":{"rendered":"https:\/\/ies9-juj.infd.edu.ar\/sitio\/?page_id=1640"},"modified":"2020-09-22T19:32:53","modified_gmt":"2020-09-22T22:32:53","slug":"seccion-titulos","status":"publish","type":"page","link":"https:\/\/ies9-juj.infd.edu.ar\/sitio\/seccion-titulos\/","title":{"rendered":"SECCION TITULOS"},"content":{"rendered":"<p><img decoding=\"async\" loading=\"lazy\" class=\"alignnone  wp-image-1643 aligncenter\" src=\"https:\/\/ies9-juj.infd.edu.ar\/sitio\/wp-content\/uploads\/2020\/09\/LOGOpng-788x1000.png\" alt=\"\" width=\"296\" height=\"376\" srcset=\"https:\/\/ies9-juj.infd.edu.ar\/sitio\/wp-content\/uploads\/2020\/09\/LOGOpng-788x1000.png 788w, https:\/\/ies9-juj.infd.edu.ar\/sitio\/wp-content\/uploads\/2020\/09\/LOGOpng-768x974.png 768w, https:\/\/ies9-juj.infd.edu.ar\/sitio\/wp-content\/uploads\/2020\/09\/LOGOpng-1498x1900.png 1498w, https:\/\/ies9-juj.infd.edu.ar\/sitio\/wp-content\/uploads\/2020\/09\/LOGOpng.png 1511w\" sizes=\"(max-width: 296px) 100vw, 296px\" \/><\/p>\n<h2 style=\"text-align: center;\"><strong>REGISTRO DE EGRESADOS<\/strong><\/h2>\n<h3 style=\"text-align: center;\">DESDE DICIEMBRE DE 2019 HASTA SEPTIEMBRE DE 2020<\/h3>\n<p style=\"text-align: center;\"><strong>Para constancia \u00e1nal\u00edtica provisoria y completa<\/strong><\/p>\n<p style=\"text-align: center;\"><strong>Para constancia de \u00faltima materia aprobada<\/strong><\/p>\n<p>&nbsp;<\/p>\n<div class=\"separator\"><a href=\"https:\/\/docs.google.com\/forms\/d\/e\/1FAIpQLSd1A7eEvznRB-RMgzoQJ51En-vBIQ4t2cLYqKC_DQsPDUi_Gw\/viewform?usp=sf_link\"><img decoding=\"async\" loading=\"lazy\" class=\"aligncenter\" src=\"https:\/\/www.ventiladoressunaca.com\/Files\/111200\/Img\/09\/boton-clic-aqui.png\" alt=\"Resultado de imagen para HAZ CLIC ACA\" width=\"400\" height=\"120\" border=\"0\" \/><\/a><\/div>\n","protected":false},"excerpt":{"rendered":"<p>REGISTRO DE EGRESADOS DESDE DICIEMBRE DE 2019 HASTA SEPTIEMBRE DE 2020 Para constancia \u00e1nal\u00edtica provisoria y completa Para constancia de \u00faltima materia aprobada &nbsp;<\/p>\n","protected":false},"author":376,"featured_media":0,"parent":0,"menu_order":0,"comment_status":"closed","ping_status":"closed","template":"","meta":[],"acf":[],"_links":{"self":[{"href":"https:\/\/ies9-juj.infd.edu.ar\/sitio\/wp-json\/wp\/v2\/pages\/1640"}],"collection":[{"href":"https:\/\/ies9-juj.infd.edu.ar\/sitio\/wp-json\/wp\/v2\/pages"}],"about":[{"href":"https:\/\/ies9-juj.infd.edu.ar\/sitio\/wp-json\/wp\/v2\/types\/page"}],"author":[{"embeddable":true,"href":"https:\/\/ies9-juj.infd.edu.ar\/sitio\/wp-json\/wp\/v2\/users\/376"}],"replies":[{"embeddable":true,"href":"https:\/\/ies9-juj.infd.edu.ar\/sitio\/wp-json\/wp\/v2\/comments?post=1640"}],"version-history":[{"count":2,"href":"https:\/\/ies9-juj.infd.edu.ar\/sitio\/wp-json\/wp\/v2\/pages\/1640\/revisions"}],"predecessor-version":[{"id":1644,"href":"https:\/\/ies9-juj.infd.edu.ar\/sitio\/wp-json\/wp\/v2\/pages\/1640\/revisions\/1644"}],"wp:attachment":[{"href":"https:\/\/ies9-juj.infd.edu.ar\/sitio\/wp-json\/wp\/v2\/media?parent=1640"}],"curies":[{"name":"wp","href":"https:\/\/api.w.org\/{rel}","templated":true}]}}